48. Let h be r(-2). What is the highest common factor of h and 114?
6
Let d be 40/10*(0 + (-693)/(-12)). Calculate the greatest common factor of d and 168.
21
Let n be 0 - 5 - 346*2/(-4). Suppose 48 = -3*g + 5*g. What is the highest common factor of n and g?
24
Let n = -3 - -35. Suppose 46*s = 42*s + n. Calculate the greatest common factor of s and 8.
8
Suppose 4*j = -5*t + 171, 2*t - j + 2*j - 66 = 0. Let v = -2281 + 2560. Calculate the greatest common divisor of v and t.
31
Let y(z) = -2*z**2 - 26*z - 13. Suppose -40 = -0*q + 4*q. Let a be y(q). What is the highest common factor of a and 47?
47
Let c be 2 - -3 - -647 - 1. Calculate the greatest common factor of 21 and c.
21
Let o = -9 + 63. Suppose -f + 3*x + 0*x + 6 = 0, -4*f + x + 46 = 0. Suppose t - f = -t. Calculate the highest common divisor of o and t.
6
Let x = 12 + 0. Suppose 28 + x = v. Let h(b) = 15*b**2 - 2*b + 4. Let z be h(2). Calculate the greatest common divisor of z and v.
20
Suppose 0*q - 8 = -4*q. Suppose -2*o + 2*w = q*o - 54, 0 = -o + w + 14. What is the greatest common divisor of 26 and o?
13
Let a = 134 + -14. What is the highest common divisor of a and 72?
24
Suppose 7*s + 168 = 28*s. Calculate the highest common divisor of 2840 and s.
8
Suppose -4 - 24 = -4*h. Suppose -200 = -11*t + h*t. Suppose -2*v - 3*v = -t. Calculate the greatest common divisor of v and 90.
10
Let m(r) = 3*r**2 - 11*r - 9. Let x be m(14). Suppose 0*y - x = 5*y. Let g = y + 217. What is the highest common factor of 12 and g?
12
Let k = 33 + 44. Let l(t) = -3*t**2 + 55*t - 7. Let i be l(18). What is the greatest common factor of k and i?
11
Suppose -k = 4*k - 85. Let l = -1 - k. Let f be (-15 - l) + 7*1. Calculate the greatest common factor of 25 and f.
5
Suppose 3*u - 77 = 88*y - 93*y, 2*y - 38 = -3*u. Calculate the greatest common factor of y and 3.
1
Suppose c + 5 = -2*z, -c + z = c - 15. Let g(j) = 16*j + 103. Let h be g(-3). Calculate the highest common divisor of h and c.
5
Let l = -40 + 71. Suppose -l = -5*q + 44. Suppose -x - 4 = -2*v + 17, 4*x - q = -3*v. What is the greatest common factor of v and 9?
9
Suppose -12*v + 165 = -99. Calculate the greatest common factor of v and 660.
22
Let k be (42/(-9))/((-8)/396*3). What is the highest common factor of k and 35?
7
Let a(r) = -2*r**2 + 38*r - 88. Let j be a(15). Calculate the highest common divisor of j and 144.
16
Suppose -2*s - 1 = -3*v - 6, 4*s - 3*v + 5 = 0. Let q be 20/(10/(-25) - 12/s). Calculate the highest common divisor of q and 10.
10
Let j be -2*(-2)/(8/6). Suppose 3*v + i - 12 = -3, -v + j = 3*i. Let c(l) = 2*l**2 + 24*l - 113. Let m be c(4). Calculate the highest common divisor of v and m.
3
Let h(m) = 13*m**2 + 70 - 22*m**2 + 10*m**2. Let j be h(0). Calculate the greatest common divisor of 10 and j.
10
Let q = 379 - 279. Calculate the greatest common divisor of q and 80.
20
Suppose 0 = -9*l + 190 + 8. Let x(v) be the first derivative of -47*v**2/2 + 7*v + 1. Let q be x(-5). Calculate the greatest common divisor of q and l.
22
Suppose 0 = 3*u + 5*p - 145, -4*u + 164 = p - 35. Calculate the highest common divisor of u and 175.
25
Let y = -189 - -345. Let v = y - 72. Suppose -54 = -5*w + g, 728*w - 730*w - 5*g = -54. What is the highest common factor of w and v?
12
Suppose -3*q + 826 = 2*t, -5*q + 12*q - 1909 = -t. What is the greatest common factor of q and 51?
17
Suppose 39 = w + 284. Let j = -157 - w. What is the greatest common divisor of j and 8?
8
Let k(p) = 15*p**2 - p**3 + 3 + 12 - 5*p**2 - 16*p. Let h be k(10). Let a = h - -343. What is the greatest common factor of 18 and a?
18
Let r be 6 - 1 - (3 - 2). Suppose 0 = 4*k + 5*c - 644, -158 - 647 = -5*k - 5*c. Let y = k + -155. What is the greatest common factor of y and r?
2
Let k(m) = 4*m**3 + 6*m**2 - 8*m - 8. Let a be k(4). Calculate the highest common factor of a and 24.
24
Let l = 97 + -144. Let y = -23 - l. Calculate the highest common divisor of 96 and y.
24
Let i(g) = 2*g + 1. Let v be i(-1). Suppose -4 - 4 = 2*r, -3*f + 38 = -5*r. Let k be v/(-3) - (-22)/f. What is the highest common factor of 4 and k?
4
Let o = 193 + -173. Suppose -s + 42 = -m, -2*s = 5*m - 2*m - 74. What is the greatest common factor of s and o?
20
Let r(x) = 4*x - 9. Let v(g) = -3*g + 10. Let l(s) = 4*r(s) + 3*v(s). Let y be l(4). Calculate the highest common factor of 88 and y.
22
Let j = 260 - 245. What is the highest common divisor of 255 and j?
15
Let t be (2 - 0) + (143 - 0). Let r be 116/6*(-15)/(-5). Suppose -q + 169 = 2*l + r, 0 = 5*l - 3*q - 305. Calculate the highest common factor of l and t.
29
Suppose -h - 9 = -3*a - 4*h, 4*a - 21 = -h. Suppose 6*z - 23 = -5. What is the highest common divisor of a and z?
3
Let j = -163 - -214. Calculate the greatest common factor of 153 and j.
51
Suppose 3087 = 282*t + 105*t - 10845. Let o be 2/7 - 1256/(-14). What is the greatest common factor of o and t?
18
Suppose 5*o = -4*s + 116 + 41, -5*s = -5*o + 175. Calculate the greatest common factor of 825 and o.
33
Suppose 5*y - 3*p - 12 = 0, p - 3 = -y + 1. Suppose y*a - 154 - 86 = 0. What is the highest common divisor of 16 and a?
16
Let p = -75 + 363. Calculate the highest common factor of p and 32.
32
Suppose 4*o + 40 = 3*a, 0 = 3*a - 2*a - 5*o - 28. What is the highest common divisor of 6 and a?
2
Let i = 341 - 198. What is the highest common divisor of 22 and i?
11
Let x(c) = c**2 + c. Let o(g) = -g**3 + 21*g**2 + 23*g - 15. Let p(h) = o(h) + 5*x(h). Let a be p(27). Calculate the highest common factor of 20 and a.
4
Suppose 0 = 15*w - 11*w - 176. Let m = -27 + -1. Let b = m + w. Calculate the highest common factor of b and 24.
8
Let m = 146 - 70. Calculate the highest common factor of 57 and m.
19
Suppose -r + 0*k = -4*k - 22, 0 = -2*r - 5*k - 8. Suppose 0 = -4*f - 0*f + 192. Calculate the greatest common divisor of r and f.
6
Let l(c) = c**3 - 13*c**2 + 13*c - 8. Let j be l(12). Suppose 3*b - 17 = -j*m + 38, 0 = 5*m + b - 55. Calculate the highest common factor of 30 and m.
10
Let w(p) = 41*p - 296. Let a be w(11). Calculate the highest common divisor of a and 62.
31
Let z = 141 - -321. What is the greatest common factor of 198 and z?
66
Suppose -6*t + 650 = -442. What is the greatest common divisor of 56 and t?
14
Let i(u) = 7*u**2 + 2*u - 1. Let x be i(-2). Suppose 0 = t + 5*w - 161, 4*w = -t + w + 153. Let s = t - 26. Calculate the highest common divisor of s and x.
23
Suppose 0 = 3*j - 0*j + 2*o + 47, 0 = 5*o + 20. Let f(r) = -r**3 - 12*r**2 + 12*r - 5. Let m be f(j). What is the highest common divisor of 88 and m?
8
Let g(d) = d**3 - 6*d**2 - 5*d - 2. Let s be g(7). Let a be s/12 + -1 + 21. What is the greatest common divisor of a and 21?
21
Let o(u) = 2*u**3 - 5*u**2 - 3*u - 2. Let c be o(4). Let y = -13607 + 13624. What is the highest common divisor of c and y?
17
Suppose 2*g = -2*f + 140, 2*f - 7*g + 2*g = 175. Calculate the greatest common factor of f and 675.
75
Let c be (18/2 - 10) + (1 - -9). Calculate the greatest common divisor of 189 and c.
9
Let l(d) = -d + 5. Let n be l(-4). Suppose 149 = -82*z + 6053 - 738. Calculate the greatest common factor of z and n.
9
Let d = 5 - -187. Let h be (-1)/(-3)*-4*(-1 + -11). Calculate the greatest common divisor of h and d.
16
Let m = 74 - -46. What is the highest common divisor of m and 90?
30
Let h be 36/(-14)*1316/(-282). What is the greatest common divisor of 222 and h?
6
Let p be (1 - 1) + (0 - (1 + -4)). Let h be (-1)/((-2)/(6*9)). What is the greatest common factor of h and p?
3
Suppose 6*r - r = -3*c + 280, -3*r = 2*c - 186. Let g = c - 60. What is the greatest common factor of g and 3?
3
Let j = -27 + 20. Let s be (18/j)/((-2)/14). Let t be 2/4*s/1. Calculate the greatest common divisor of t and 81.
9
Let h be 33 - -2 - 5 - 2/2. Suppose -156 = -h*q + 23*q. What is the highest common divisor of q and 182?
26
Let j be 168/24 + (141 - 0). What is the highest common factor of j and 111?
37
Suppose -4*y + 331 + 211 = 2*x, 5*x + 3*y - 1355 = 0. Suppose 4*k + m - 283 = -k, -5*k + 3*m = -x. What is the highest common factor of 7 and k?
7
Let v(f) = f**3 + 48*f**2 - 99*f + 281. Let b be v(-50). Calculate the highest common divisor of 33 and b.
33
Suppose 2*p = 4 + 6. Suppose 4*y + c - 182 = 8, 0 = p*c + 10. What is the greatest common divis